47?
True
Is 222 a multiple of 37?
True
Is 11592 a multiple of 20?
False
Is 151 a multiple of 8?
False
Does 60 divide 4560?
True
Is 9925 a multiple of 234?
False
Does 179 divide 3222?
True
Is 30 a factor of 3110?
False
Does 13 divide 11622?
True
Is 15 a factor of 11188?
False
Is 38 a factor of 478?
False
Is 44 a factor of 33880?
True
Is 108 a factor of 58422?
False
Does 20 divide 1788?
False
Is 1254 a multiple of 19?
True
Is 1205 even?
False
Is 134 even?
True
Is 17821 a multiple of 158?
False
Is 7313 a multiple of 71?
True
Does 76 divide 1268?
False
Is 1161 a multiple of 43?
True
Is 58 even?
True
Is 11 a factor of 2528?
False
Is 10 a factor of 500?
True
Does 48 divide 26887?
False
Is 3 a factor of 145?
False
Is 55 a factor of 2530?
True
Is 65 a factor of 5395?
True
Does 16 divide 1161?
False
Does 10 divide 630?
True
Does 12 divide 13603?
False
Is 2767 a multiple of 2?
False
Is 14 a factor of 601?
False
Does 13 divide 169?
True
Does 65 divide 9752?
False
Is 22 a factor of 26532?
True
Is 1694 a multiple of 77?
True
Does 36 divide 504?
True
Is 10 a factor of 40730?
True
Does 6 divide 24?
True
Is 56 a factor of 3696?
True
Is 16 a factor of 2416?
True
Is 31 a factor of 1026?
False
Is 5655 a multiple of 195?
True
Is 1553 a multiple of 32?
False
Is 92990 a multiple of 123?
False
Does 23 divide 4163?
True
Is 2 a factor of 7872?
True
Is 17 a factor of 782?
True
Does 20 divide 1040?
True
Is 598 a multiple of 23?
True
Is 4 a factor of 615?
False
Is 6 a factor of 84?
True
Is 51 a factor of 18996?
False
Is 504 a multiple of 9?
True
Is 153 a multiple of 3?
True
Is 22671 a multiple of 73?
False
Does 132 divide 26268?
True
Does 8 divide 11944?
True
Is 212 a multiple of 27?
False
Is 22 a factor of 333?
False
Is 800 a multiple of 40?
True
Is 14800 a multiple of 8?
True
Is 435 a multiple of 15?
True
Does 114 divide 1710?
True
Is 229 a multiple of 3?
False
Does 17 divide 1682?
False
Is 35205 a multiple of 5?
True
Is 13 a factor of 871?
True
Is 198 a factor of 10494?
True
Is 3280 a multiple of 16?
True
Is 1232 a multiple of 38?
False
Does 17 divide 6238?
False
Does 6 divide 300?
True
Is 6411 a multiple of 31?
False
Is 737 even?
False
Is 7272 a multiple of 4?
True
Is 9 a factor of 1476?
True
Is 12 a factor of 7706?
False
Does 3 divide 7508?
False
Does 19 divide 84?
False
Is 8 a factor of 33616?
True
Is 52 a factor of 572?
True
Does 16 divide 544?
True
Does 18 divide 1062?
True
Is 19 a factor of 2647?
False
Does 8 divide 18940?
False
Does 55 divide 4288?
False
Does 37 divide 668?
False
Does 8 divide 1592?
True
Does 105 divide 105?
True
Is 20 a factor of 5520?
True
Is 1122 a multiple of 17?
True
Does 87 divide 10614?
True
Is 26 a factor of 49?
False
Is 7663 a multiple of 30?
False
Is 1900 a multiple of 4?
True
Does 5 divide 14925?
True
Is 33 a factor of 96907?
False
Does 42 divide 2269?
False
Is 67745 a multiple of 17?
True
Is 7 a factor of 273?
True
Is 3046 a multiple of 29?
False
Does 113 divide 21696?
True
Is 11 a factor of 1617?
True
Does 118 divide 6608?
True
Is 53 a factor of 3710?
True
Does 12 divide 624?
True
Is 61 a factor of 38468?
False
Does 56 divide 1657?
False
Is 47 a factor of 16591?
True
Is 2240 a multiple of 16?
True
Does 22 divide 44?
True
Does 28 divide 34216?
True
Does 60 divide 14985?
False
Is 16 a factor of 1354?
False
Does 152 divide 15808?
True
Is 52 a factor of 52?
True
Is 13 a factor of 585?
True
Is 2 a factor of 2713?
False
Is 2544 a multiple of 13?
False
Is 23 a multiple of 23?
True
Is 93 a factor of 9300?
True
Is 1936 a multiple of 150?
False
Is 54 a factor of 756?
True
Is 30 a factor of 690?
True
Does 182 divide 5460?
True
Is 18750 a multiple of 125?
True
Is 18 a factor of 1476?
True
Is 4009 a multiple of 57?
False
Does 233 divide 55392?
False
Is 19 a factor of 755?
False
Is 106 a factor of 32598?
False
Is 25 a factor of 1700?
True
Is 11 a factor of 5383?
False
Is 1468 even?
True
Is 15 a factor of 2381?
False
Does 4 divide 360?
True
Is 109 a factor of 29611?
False
Is 31 a factor of 279?
True
Does 104 divide 76752?
True
Is 738 a multiple of 18?
True
Is 81 a factor of 486?
True
Is 1752 a multiple of 54?
False
Is 11322 a multiple of 18?
True
Does 25 divide 225?
True
Is 13 a factor of 2867?
False
Is 995 a multiple of 6?
False
Is 36 a factor of 32597?
False
Does 52 divide 12948?
True
Does 46 divide 355?
False
Is 1610 a multiple of 35?
True
Does 38 divide 2622?
True
Is 897 a multiple of 23?
True
Is 12 a factor of 59688?
True
Is 137 a factor of 5206?
True
Does 20 divide 1024?
False
Does 47 divide 12925?
True
Does 30 divide 360?
True
Is 148 a factor of 6364?
True
Does 13 divide 25474?
False
Is 212 a factor of 54887?
False
Is 2045 a multiple of 35?
False
Does 27 divide 3442?
False
Does 4 divide 84?
True
Does 13 divide 4108?
True
Is 31 a factor of 1165?
False
Does 3 divide 126?
True
Does 8 divide 199?
False
Does 2 divide 15?
False
Is 39044 a multiple of 86?
True
Is 6 a factor of 306?
True
Is 3086 a multiple of 5?
False
Is 6 a factor of 12684?
True
Does 27 divide 9666?
True
Is 7922 a multiple of 6?
False
Is 60 a factor of 460?
False
Does 43 divide 3273?
False
Does 7 divide 284?
False
Is 3651 a multiple of 12?
False
Is 1904 a multiple of 56?
True
Does 38 divide 1748?
True
Is 35122 a multiple of 34?
True
Does 14 divide 1260?
True
Is 23 a factor of 31740?
True
Does 58 divide 5220?
True
Is 6895 a multiple of 68?
False
Is 19 a factor of 5130?
True
Is 15 a factor of 261?
False
Does 86 divide 1898?
False
Is 44 a factor of 31680?
True
Is 31575 a multiple of 5?
True
Does 18 divide 822?
False
Does 102 divide 12138?
True
Does 34 divide 3107?
False
Is 28 a factor of 278?
False
Does 8 divide 22607?
False
Is 8211 a multiple of 51?
True
Is 19 a factor of 204?
False
Is 4432 a multiple of 17?
False
Is 124 a factor of 7068?
True
Is 144 a multiple of 12?
True
Does 72 divide 34272?
True
Is 46 a factor of 2639?
False
Is 10758 a multiple of 11?
True
Is 26410 a multiple of 139?
True
Does 258 divide 52890?
True
Does 10 divide 48000?
True
Is 93 a factor of 465?
True
Does 20 divide 4880?
True
Does 56 divide 30632?
True
Is 82774 a multiple of 33?
False
Is 29040 a multiple of 14?
False
Does 32 divide 10304?
True
Does 43 divide 3365?
False
Is 36 a factor of 909?
False
Is 359 a multiple of 37?
False
Is 10608 a multiple of 4?
True
Is 16 a factor of 5584?
True
Is 1737 a multiple of 8?
False
Is 870 a multiple of 10?
True
Is 430 a multiple of 86?
True
Is 60 a factor of 10289?
False
Is 5712 a multiple of 188?
False
Is 2020 a multiple of 20?
True
Is 40 a multiple of 10?
True
Is 209 a factor of 19033?
False
Does 5 divide 572?
False
Is 929 a multiple of 75?
False
Is 1185 a multiple of 15?
True
Does 8 divide 873?
False
Is 19 a factor of 1843?
True
Is 10 a factor of 26?
False
Does 12 divide 9172?
False
Is 13 a factor of 65858?
True
Is 8 a factor of 4653?
False
Is 34 a multiple of 10?
False
Does 9 divide 2765?
False
Is 65 a factor of 770?
False
Does 6 divide 238?
False
Is 42 a factor of 308?
False
Is 4115 a multiple of 14?
False
Does 19 divide 20950?
False
Does 5 divide 375?
True
Is 200 a factor of 42940?
False
Is 547 a multiple of 18?
False
Does 23 divide 8372?
True
Does 10 divide 35413?
False
Does 28 divide 1176?
True
Does 10 divide 162?
False
Is 11 a factor of 567?
False
Is 61 a factor of 793?
True
Does 4 divide 100?
True
Is 9502 a multiple of 173?
False
Is 86 a factor of 860?
True
Does 5 divide 125?
True
Is 327 a multiple of 22?
False
Does 72 divide 432?
True
Is 17 a factor of 6545?
True
Is 637 a multiple of 3?
False
Is 1752 a multiple of 27?
False
Does 27 divide 971?
False
Is 20 a factor of 734?
False
Is 152512 a multiple of 28?
False
Does 93 divide 888?
False
Is 588 a multiple of 15?
False
Is 39 a factor of 3159?
True
Is 140 a factor of 26040?
True
Is 4900 a multiple of 14?
True
Is 37 a factor of 14245?
True
Is 29266 a multiple of 309?
False
Is 21 a factor of 5812?
False
Is 7 a factor of 11311?
False
Is 15 a factor of 1545?
True
Is 68 a factor of 8594?
False
Is 1144 a multiple of 88?
True
Is 5850 a multiple of 13?
True
Is 552 a multiple of 8?
True
Does 42 divide 77364?
True
Is 106 a factor of 5088?
True
Does 200 divide 40029?
False
Is 1333 a multiple of 29?
False
Does 42 divide 2730?
True
Is 219 a factor of 1533?
True
Is 84 a factor of 54802?
False
Is 40 a factor of 3667?
False
